w - 8, 6*p + 5*w - 10 = 3*p. Let x = p + 3. Suppose 3*d - 953 = 2*t, -2*d + 317 + 327 = x*t. Is d a prime number?
False
Let t(w) = 3*w - 16. Let u be t(9). Let g(a) = -3*a + u*a**2 + 2 - a**2 + 0*a - 4*a. Is g(-15) composite?
False
Suppose -5*l = 2*w + 7, 2*w + 1 + 3 = -4*l. Suppose 6*b = w*b + 574. Is b prime?
False
Suppose -10*w + 28633 = 9*w. Is w composite?
True
Let k(w) = -2536*w - 43. Is k(-2) prime?
False
Suppose -5*f + 3506 = -3*t, 3*t - 631 - 1487 = -3*f. Is f a prime number?
False
Suppose 16*c - 19*c + 6 = 0. Suppose -c*m = 4*m - 23646. Is m a prime number?
False
Let u(c) = -c + 254. Is u(-5) prime?
False
Suppose 0 = w - 3*z - 3899 - 3669, 3*w + z - 22674 = 0. Is w composite?
False
Suppose 0 = -j + 5*f + 905, 3*j + f - 5*f - 2671 = 0. Let p = j + -250. Is p a composite number?
True
Let w(j) = -12*j + 8*j + 2*j - 7 - 4*j**2 + j**3. Let c(m) = -m**3 - 2*m**2 - 4*m - 2. Let r be c(-2). Is w(r) prime?
True
Let d(t) = t**3 + 3*t**2 + 2*t + 3. Let g be d(-2). Suppose -3*k - 6 + 15 = 0. Suppose g*c + 32 - 143 = 2*p, -c + k*p = -37. Is c prime?
True
Is (297195/(-20))/((-24)/32) a prime number?
True
Let w(l) = -376*l + 37. Is w(-4) prime?
False
Is ((-1640)/(-60))/(-2 + (-2876)/(-1437)) a prime number?
False
Let b(q) = -q**2 + 5*q + 9. Let j be b(8). Is j/12*-14*2 a composite number?
True
Let f(p) = 286*p + 5. Let v be f(12). Suppose 0 = 6*l - 23879 + v. Is l a prime number?
True
Is ((-78)/18 - -5)*3639 composite?
True
Let j be 9/6*(-2 + (-60)/(-9)). Is 1482 - (-4 + j - 2) composite?
False
Suppose 929 = 5*c - 936. Suppose -c = -3*p + 5*i, 0*i = 5*p - 3*i - 611. Is p prime?
False
Let x = 224 - 101. Let c = -211 + x. Is 1*3 - (c - 0) prime?
False
Let l(x) = -7*x + 8. Let j(z) = z. Let n(d) = 6*j(d) + l(d). Let i be n(6). Suppose -h + 105 = i*h. Is h composite?
True
Suppose -4*d = -22 - 2. Let r(f) = f**3 + 17*f**2 + 15*f - 14. Let i be r(-16). Is 338/d*(i + 1) a prime number?
False
Let o = 2331 - -9554. Is o a prime number?
False
Let u(h) = h**3 + h + 163. Let n(s) = 2*s**3 - 7*s**2 + 3*s + 2. Let l be n(3). Suppose 0 = l*o - 5*r - 20, -4*o + 8 = -0*o - 2*r. Is u(o) a composite number?
False
Suppose -4*q = -2*o - 3914, -2*o = -1 + 3. Suppose 4*n = q - 30. Is n prime?
False
Suppose -8*c = -4*c - 5748. Suppose -3*y + 5*p = -29, 6*y = 3*y + 4*p + 34. Is c/27 - 4/y prime?
True
Suppose 1549 = 3*t + 283. Let o = 691 - t. Is o prime?
True
Suppose 0 = 5*z - 10, 2*z = -11*l + 12*l - 3295. Is l prime?
True
Suppose -3*k = -4*p - 8371, k + 4*p = -4*k + 13941. Is k composite?
False
Let o(f) = 4*f**2 + 7*f + 18. Suppose -16*q + 8*q = 136. Is o(q) a prime number?
False
Let s(c) = -17*c - 25. Let w = -36 + 26. Is s(w) composite?
True
Let f be 6/27 - (3 + (-34)/9). Is 0 + 17 + f + -3 a composite number?
True
Let i(c) = 3*c - 22*c**2 + 3*c + 21*c**2 + 7. Let g be i(7). Let t = 55 - g. Is t a composite number?
True
Suppose 2*z - 6 = -z. Suppose -t + 106 = -3*t. Let g = z - t. Is g a prime number?
False
Suppose 9*y = -3*v + 177447, 2*v - 4 = 4. Is y prime?
False
Let v be (-4)/(-6) + (-4442)/(-6). Is -4 + 8 + 0 + v a prime number?
False
Let x(m) = 6*m + 43. Let p be x(-7). Let n = 7 + -4. Is (1 - (p - n)) + 12 composite?
True
Suppose 4*l = -l + 15. Suppose -l*d = -7*d. Suppose 6*i - 3*i - 1077 = d. Is i a composite number?
False
Suppose 4*v = 3*u - 107, -u + 5*v = -43 + 11. Let i = -66 - -122. Let y = i - u. Is y a composite number?
False
Suppose -t - 55564 = -5*f + 27266, -f - 4*t = -16545. Is f prime?
False
Let t = 5 + -3. Suppose -n = -5*a - 8 - 1, -t*a - 45 = -5*n. Suppose -4*y + 3*q = -191 + n, 0 = 3*y - 4*q - 133. Is y composite?
False
Let b = -30342 - -44431. Is b a composite number?
True
Is (-4)/14 - 120525/(-21) composite?
True
Let d = -115 - -311. Suppose 5*z - d = z. Suppose x + 12 = z. Is x a prime number?
True
Let j(x) be the second derivative of 5*x**4/6 + x**3/2 + x**2/2 + x. Let d(m) = -98*m - 4. Let v be d(0). Is j(v) prime?
True
Let f = -594 - -1001. Is f a composite number?
True
Let u be 3/12 + 6/(-24). Suppose 0 = -3*w - 5*q + 2681, w + 3*q - 2*q - 891 = u. Is w prime?
True
Suppose -8 = 3*j - 3*r + 7, 4*j = r - 5. Suppose -4*b + 580 + 0 = j. Is b a prime number?
False
Suppose -x = 2*v + 4*x - 5825, -14600 = -5*v - 5*x. Let j = v + -1751. Is j composite?
True
Suppose -4*p + 1 = 5. Let z be 273/52 + p/4. Suppose 0*a + 2*a = -3*u + 337, 0 = z*u - 25. Is a prime?
False
Suppose -2*s - 3 = 4*x + 55, 5*x + 72 = -3*s. Let r be (-6320)/x + 2/3. Is (r/(-6))/(2/(-6)) composite?
False
Let k be (-3)/((-1 - -1) + 1). Let t = 962 + -960. Is ((-1)/t)/(k/90) a prime number?
False
Let o(a) = a + 2. Let y be o(1). Suppose -3*c + v = -v, -y*c = 3*v. Suppose 4*t - 196 = -c*t. Is t composite?
True
Suppose 6*v - 162 = -42. Suppose -v*m = -28*m + 18664. Is m a prime number?
True
Suppose 4*y - 6*y + 56 = 0. Is -2*2/(-28) - (-7668)/y a prime number?
False
Suppose 34*u + 6*u = 565160. Is u a composite number?
True
Suppose r + 0*r - 4127 = -2*k, -k + 4127 = r. Is r a prime number?
True
Suppose 3*b = 8039 + 4051. Let f = b - 2879. Is f a composite number?
False
Let c be 3/1 - 74/(-2). Is (-1698)/(-15) + (-8)/c a prime number?
True
Suppose 183 - 1190 = -k. Is k composite?
True
Suppose 5*k - 5 - 55 = 0. Suppose -6*v = -3*v - k. Let q(t) = 7*t**2 + 4*t - 1. Is q(v) composite?
False
Suppose 2*n + 4 = 6*n - 2*s, -3*n + 2*s = -1. Suppose -n*i + z - 128 = 456, 2*i - z = -388. Let q = -69 - i. Is q composite?
False
Let y be (0 - 6)*(-6428)/8. Let l = y + -3064. Is l prime?
False
Let j(s) be the third derivative of -s**6/120 + 7*s**5/20 - 3*s**4/8 + 11*s**3/3 + 26*s**2. Is j(11) a composite number?
True
Suppose -1034 = 3*q - 7199. Let w = -974 + q. Is w prime?
False
Suppose -5*i - 5*m = -295, -i = i - 4*m - 148. Suppose 0 = -3*q + 173 + i. Is q a prime number?
True
Is 1 + 8176 + ((-2)/(-1) - 6) composite?
True
Let j be (((-718)/(-3))/(10/30))/(-2). Let r = j + 2988. Is r a prime number?
False
Suppose 0*h - 4*h = -8. Is 88103/285 + h/(-15) a composite number?
True
Let d be (-503)/4*(-5 + -7). Let u = d + -52. Is u composite?
True
Let m = 36 + -31. Suppose -2*r + 1337 = m*r. Is r a prime number?
True
Let i = -181 - -455. Let y = i + 813. Is y composite?
False
Let x(j) be the third derivative of -j**6/24 + j**5/10 - j**4/6 + 2*j**3/3 - 19*j**2. Is x(-5) prime?
False
Suppose 40 + 60 = t. Suppose -33*v + 28*v = t. Is 234/(-15)*v/8 a composite number?
True
Let h(l) = -1540*l. Let n be h(1). Let t = n + 3275. Is t composite?
True
Is (-10)/4*(-3 - (-301847)/(-65)) a composite number?
False
Is (-355795)/(-10) + 14/(-28) prime?
False
Let f(c) = 1047*c**2 - 10*c - 8. Is f(-1) a composite number?
False
Let j be (4 - 2)/((-3)/1524). Let m = -1968 - -1245. Let z = m - j. Is z composite?
False
Let x = 124 + -111. Let w(s) = 266*s - 9. Is w(x) prime?
True
Suppose o + 21 = -4*f + 5, -o = 2*f + 10. Let t be -153 - (-10 + 36/6). Is t*f*(-3)/(-9) a composite number?
False
Is (17/((-34)/(-172)))/(4/58) a prime number?
False
Suppose 0 = -7*c + 9*c - 138. Let j = 14 + c. Is j a composite number?
False
Let i = 6987 + -3940. Is i a prime number?
False
Let f be 20506/18 - 30/135. Let m = -420 + f. Is m composite?
False
Let g(z) = z + 8. Let k be g(11). Suppose -5*v + k = -6. Suppose v*c = c + 5*d + 148, d = -3*c + 111. Is c prime?
True
Is 2210 - (1 + 4 + -10) a prime number?
False
Suppose -4*d = -59 + 11. Let q(x) = -d + 19*x - 4 - 6. Is q(9) a prime number?
True
Let w = -863 + 1697. Let h = w + 235. Is h a prime number?
True
Let i(p) = p - 3. Let t be i(6). Let c(b) = 7*b**2 + 0 + t*b - 4*b**2 + 1 + 6*b**2. Is c(-4) prime?
False
Let c(d) = 691*d + 947. Is c(54) a prime number?
True
Is 10522/(-8)*(-104)/26 a prime number?
True
Let y be (-2)/(-1) - (-10 - -14). Let w(i) = -671*i + 4. Is w(y) a composite number?
True
Let i(k) = -k**2 + 7*k - 12. Let f be i(4). Suppose 4*t - 729 - 2819 = f. Is t a composite number?
False
Suppose 125050 = 8*a - 17998. Is a a prime number?
True
Let z = 816 - 2284. Is (z/(-7) - -1) + 44/154 prime?
True
Let b(h) = h**3 - 14*h**2 - 41*h + 56. Is b(18) a composite number?
True
Suppose 122532 = 217*q - 211*q. Is q a composite number?
True
Let h(l) = 16*l + 4. Let k be h(6). Let c be (-36)/(-96) - (-423)/24. Is (k/6)/(12/c) composite?
True
Let h be 1/3*2*3. Suppose h*t - 5*a + 0*a 